n divisor of 5152 and 56.
56
What is the greatest common factor of 77 and 35?
7
What is the highest common factor of 12 and 20?
4
What is the highest common factor of 318 and 126?
6
Calculate the greatest common divisor of 70 and 120.
10
Calculate the greatest common factor of 28 and 312.
4
What is the highest common divisor of 5 and 10?
5
What is the highest common factor of 735 and 1617?
147
Calculate the greatest common divisor of 8 and 36.
4
What is the highest common divisor of 8 and 34?
2
What is the greatest common divisor of 129 and 1?
1
Calculate the greatest common factor of 245 and 175.
35
Calculate the highest common divisor of 78 and 195.
39
What is the highest common factor of 18300 and 750?
150
Calculate the greatest common factor of 66 and 1386.
66
What is the greatest common factor of 170 and 25?
5
What is the highest common divisor of 254 and 6731?
127
Calculate the greatest common divisor of 14 and 3584.
14
Calculate the greatest common divisor of 3317 and 62.
31
What is the greatest common divisor of 88 and 55?
11
Calculate the highest common factor of 13 and 689.
13
What is the greatest common factor of 1170 and 312?
78
Calculate the highest common factor of 5082 and 84.
42
What is the greatest common factor of 254 and 15113?
127
Calculate the highest common divisor of 18 and 558.
18
Calculate the highest common divisor of 34 and 3434.
34
Calculate the greatest common factor of 78 and 18525.
39
Calculate the highest common divisor of 332 and 415.
83
Calculate the highest common factor of 168 and 21.
21
What is the greatest common factor of 210 and 555?
15
Calculate the greatest common divisor of 707 and 14.
7
What is the greatest common divisor of 14 and 2079?
7
Calculate the highest common factor of 2630 and 60.
10
What is the greatest common divisor of 40 and 270?
10
What is the greatest common divisor of 49 and 1323?
49
Calculate the highest common factor of 1547 and 273.
91
Calculate the highest common factor of 2280 and 120.
120
Calculate the greatest common factor of 21 and 4.
1
What is the highest common divisor of 1702 and 148?
74
What is the highest common factor of 37 and 703?
37
What is the greatest common divisor of 786 and 4454?
262
What is the highest common factor of 9 and 1?
1
Calculate the greatest common divisor of 1517 and 41.
41
What is the greatest common divisor of 78 and 1248?
78
What is the highest common divisor of 40 and 380?
20
Calculate the greatest common divisor of 18634 and 154.
154
Calculate the greatest common factor of 280 and 105.
35
Calculate the highest common divisor of 2537 and 118.
59
What is the greatest common divisor of 413 and 161?
7
What is the greatest common factor of 286 and 55?
11
What is the greatest common divisor of 4 and 132?
4
What is the highest common factor of 7 and 361?
1
Calculate the highest common divisor of 183 and 1647.
183
Calculate the greatest common divisor of 8 and 1960.
8
Calculate the highest common divisor of 225 and 2175.
75
Calculate the greatest common factor of 4922 and 46.
46
Calculate the greatest common divisor of 6413 and 159.
53
What is the highest common factor of 354 and 12?
6
What is the highest common divisor of 12 and 852?
12
What is the highest common divisor of 216 and 297?
27
What is the highest common divisor of 7535 and 274?
137
What is the greatest common factor of 92 and 8303?
23
Calculate the highest common factor of 665 and 133.
133
Calculate the greatest common divisor of 66 and 121.
11
Calculate the highest common factor of 33 and 1716.
33
What is the highest common divisor of 835 and 668?
167
Calculate the greatest common divisor of 10 and 8.
2
What is the greatest common factor of 20 and 370?
10
Calculate the greatest common factor of 1825 and 5.
5
Calculate the greatest common factor of 152 and 494.
38
Calculate the highest common factor of 51 and 153.
51
What is the highest common factor of 5 and 11?
1
What is the highest common divisor of 11 and 352?
11
Calculate the highest common factor of 632 and 1027.
79
What is the highest common factor of 28891 and 173?
173
What is the greatest common factor of 1562 and 2414?
142
Calculate the greatest common divisor of 21 and 112.
7
What is the highest common factor of 71 and 11360?
71
What is the highest common divisor of 2618 and 88?
22
Calculate the greatest common factor of 96 and 64.
32
What is the greatest common factor of 7704 and 216?
72
Calculate the highest common divisor of 111 and 9472.
37
Calculate the highest common factor of 735 and 280.
35
Calculate the highest common factor of 231 and 99.
33
What is the greatest common divisor of 28 and 644?
28
What is the greatest common divisor of 28 and 20?
4
Calculate the greatest common divisor of 14 and 119.
7
What is the highest common factor of 8 and 8072?
8
What is the highest common divisor of 99 and 15?
3
What is the highest common divisor of 423 and 47?
47
What is the greatest common divisor of 559 and 129?
43
What is the greatest common factor of 36360 and 45?
45
What is the greatest common divisor of 171 and 4389?
57
Calculate the greatest common divisor of 20 and 940.
20
What is the greatest common divisor of 2052 and 2?
2
What is the highest common divisor of 286 and 481?
13
What is the highest common factor of 96 and 136?
8
Calculate the greatest common factor of 19133 and 53.
53
What is the highest common divisor of 186 and 806?
62
What is the greatest common factor of 865 and 5?
5
What is the greatest common factor of 1000 and 40?
40
Calculate the highest common divisor of 529 and 920.
23
What is the highest common factor of 325 and 52?
13
What is the highest common factor of 170 and 9095?
85
What is the greatest common factor of 45 and 333?
9
Calculate the highest common divisor of 66 and 1837.
11
Calculate the highest common factor of 98 and 49.
49
What is the highest common divisor of 57 and 5966?
19
What is the greatest common divisor of 1175 and 94?
47
What is the highest common divisor of 682 and 248?
62
What is the greatest common divisor of 10 and 30?
10
Calculate the greatest common divisor of 69 and 1.
1
What is the greatest common factor of 5187 and 304?
19
Calculate the greatest common divisor of 98 and 49.
49
What is the greatest common factor of 42 and 63?
21
What is the highest common divisor of 36 and 306?
18
Calculate the greatest common factor of 46 and 1127.
23
Calculate the greatest common factor of 95 and 171.
19
Calculate the greatest common factor of 2192 and 1507.
137
Calculate the highest common divisor of 6 and 3.
3
Calculate the highest common divisor of 2 and 382.
2
What is the highest common factor of 75 and 30?
15
What is the highest common divisor of 2166 and 19?
19
Calculate the highest common factor of 4419 and 27.
9
Calculate the greatest common factor of 324 and 282.
6
What is the highest common factor of 981 and 144?
9
What is the highest common divisor of 17 and 17?
17
What is the greatest common factor of 18 and 738?
18
Calculate the greatest common factor of 270 and 130.
10
Calculate the highest common divisor of 4536 and 18.
18
Calculate the highest common factor of 936 and 2394.
18
Calculate the highest common factor of 160 and 2820.
20
Calculate the greatest common divisor of 616 and 16.
8
What is the greatest common divisor of 113 and 113?
113
What is the highest common factor of 567 and 105?
21
What is the greatest common factor of 772 and 5211?
193
Calculate the highest common divisor of 11 and 6.
1
Calculate the greatest common divisor of 72 and 2196.
36
Calculate the greatest common factor of 185 and 35.
5
Calculate the greatest common factor of 70 and 1652.
14
Calculate the greatest common factor of 113 and 18871.
113
What is the highest common divisor of 996 and 12?
12
What is the greatest common divisor of 204 and 12?
12
Calculate the greatest common factor of 80 and 640.
80
Calculate the greatest common factor of 44 and 550.
22
What is the greatest common factor of 90 and 20?
10
What is the highest common divisor of 146 and 8?
2
Calculate the highest common divisor of 756 and 432.
108
Calculate the highest common divisor of 1472 and 128.
64
What is the highest common factor of 78 and 6?
6
Calculate the greatest common factor of 11 and 1540.
11
Calculate the hi